se 2*v - v = -5. Suppose -25*z = -27*z - 6. Let u = z - v. What is the highest common factor of 5 and u?
1
Suppose 4*w = 31 - 3. Let a = -188 - -189. What is the greatest common divisor of w and a?
1
Let r be -4 + 3 - 7/(-1). Let n = r + 39. What is the greatest common factor of 30 and n?
15
Let s(h) = 4*h - 4. Let l be s(6). Let a = -1 - 3. Let v(k) = -13*k - 2. Let u be v(a). Calculate the highest common divisor of u and l.
10
Let y be 12/(-2)*95/(-38). What is the greatest common divisor of 195 and y?
15
Let t = 5 - 12. Let g(a) = -18*a + 6. Let j be g(t). What is the highest common divisor of 12 and j?
12
Suppose 0 = -4*u + 4*f + 12, 4 = 5*u - 3*u - f. What is the greatest common divisor of u and 3?
1
Let z(o) = o**3 - 4*o**2 - 11*o + 21. Let a be z(6). Calculate the highest common divisor of a and 3.
3
Suppose -5*b = -7 + 2. Let r(p) = 128*p**2. Let v be r(b). Suppose v = 5*n - 7. What is the highest common factor of 18 and n?
9
Suppose 3*c + 5*q = 39, 88 = 3*c - 2*q + 28. What is the highest common factor of c and 12?
6
Let j be -3 - -2 - (2 + -5). What is the highest common divisor of 22 and j?
2
Suppose s + 3*i - 41 = 0, 2*s + 3*i - 88 = -i. Let w = 85 - s. Calculate the highest common factor of 14 and w.
7
Suppose -2*q - 3*q - 5*c + 15 = 0, -27 = -4*q + c. Calculate the highest common factor of 30 and q.
6
Let w = 236 + -80. Calculate the highest common divisor of w and 12.
12
Let u = 7 - -13. Suppose 0 = -3*q - 2*q + u. What is the greatest common factor of q and 36?
4
Let z(y) = 7*y**2 - 5*y - 4. Let h be z(7). Suppose -5*m = -81 - h. Let x = -8 - -15. Calculate the highest common divisor of m and x.
7
Let f = 5 - 1. Suppose 18 = -7*m + f*m. Let z(h) = 2*h**2 + 4*h + 8. Let n be z(m). Calculate the greatest common divisor of 7 and n.
7
Let n(y) = -y**3 + 8*y**2 - 4*y + 1. Let a be n(5). Calculate the highest common divisor of a and 14.
14
Suppose s - 180 = -3*s. Let l(t) = -6*t**2 - 2*t + 1. Let b be l(2). Let i be (24/(-9))/4*b. What is the greatest common factor of i and s?
9
Let t(w) = 3 + 9*w + 3*w**2 - 2 - 4*w**2. Let g be t(9). Let a = 2 + g. Calculate the greatest common factor of a and 1.
1
Suppose -4*w - 3*x + 74 = 6, -5*x = 3*w - 62. Let l be 7/(-14) - w/(-4). Let z be (-12)/(0 - 2) - 0. What is the greatest common divisor of z and l?
3
Let d = -37 + 9. Let q = 76 + d. What is the highest common divisor of 12 and q?
12
Suppose 3*s + 0*s = -3*g + 102, 5*g - 2*s = 184. Calculate the greatest common factor of 12 and g.
12
Suppose -i = -3*v + 397, 2*v + 5*i - 306 = -47. What is the greatest common divisor of v and 12?
12
Let q be -1 + 34 + (5 - 2). Suppose -3*m + 2*y + 32 = 6*y, 0 = 3*m - y - 37. What is the greatest common factor of q and m?
12
Suppose -z + 19 = 6. What is the greatest common divisor of z and 26?
13
Suppose 0 = h - 2*h + 3. What is the greatest common factor of 3 and h?
3
Let j(n) = n**2 + 7*n + 7. Let z be j(-5). Let i(b) = -13*b - 1. Let p be i(z). Let q be 1334/14 - 4/14. Calculate the highest common factor of q and p.
19
Let m(s) = -s**2 + 3*s + 3. Let d be m(0). What is the greatest common factor of d and 1?
1
Let u = -190 + 268. Suppose 2*r - u = -r. Calculate the highest common divisor of 13 and r.
13
Suppose 0 = 3*u - 0*u. Let w be (-4)/12*u/1. Let y(h) = -h**2 + 36. Let n be y(w). Calculate the highest common factor of n and 24.
12
Let q(d) = -2*d**2 + d - 3. Let c be q(-2). Let t = c - -21. What is the greatest common divisor of 12 and t?
4
Suppose 2*k - 58 = -2*t, 4 + 6 = 2*k. What is the greatest common divisor of 84 and t?
12
Let b be ((-2)/2)/(2/1082). Let f = -303 - b. Calculate the highest common factor of 34 and f.
34
Suppose 2*q + 2*q - 120 = 0. Calculate the greatest common divisor of 5 and q.
5
Let w = 25 - 24. Let y be ((-1)/(-3))/(2/12). Calculate the highest common factor of y and w.
1
Let p(l) = -9*l + 1. Let z be p(1). Let k = z - -14. Let b be 0 + k/3 - -12. What is the highest common divisor of 126 and b?
14
Let q be (-24)/(-15) - (-6)/15. Suppose -q = s + 19. Let l = -9 - s. Calculate the greatest common divisor of 3 and l.
3
Let n be 1/(-1)*-1*-5. Let w = -3 - n. What is the greatest common factor of 22 and w?
2
Suppose -2*c = -6*c. Suppose -4*f + 14 + 34 = c. What is the highest common factor of 84 and f?
12
Suppose 3*z - 56 = z. Suppose -4*s - z + 76 = 0. What is the greatest common factor of 4 and s?
4
Let l be 592/9 + 4/18. Let i(j) = -4*j + 3*j - 1 + 2*j. Let w be i(7). What is the highest common factor of l and w?
6
Suppose 2*h + 45 = 173. Calculate the greatest common divisor of 160 and h.
32
Suppose 4*k - 12 = 4*z, 11 + 9 = -4*z. Let t(m) = -m**3 + 2*m + 0*m**2 + 8 + 2*m**2 - 10. Let f be t(k). What is the greatest common divisor of f and 15?
5
Let l(k) = -5*k - 18. Let s be l(-5). What is the greatest common divisor of 63 and s?
7
Let y(t) = 32*t**3 - t**2 + 2. Let i be y(1). Calculate the greatest common factor of 231 and i.
33
Let c = 36 + -34. Let d = 15 - 11. Calculate the greatest common divisor of d and c.
2
Let i(j) = 8*j - 13. Let q be i(3). Let b = 11 + 0. What is the highest common factor of q and b?
11
Let l be 1/(-1) - (-28 - 0). Suppose -5*b + 6 = 1. Let h = 2 + b. Calculate the greatest common divisor of l and h.
3
Let a(o) = -o**3 + 1. Let m be a(-1). Let i be (-2 - 31)/(-3) - m. What is the greatest common divisor of 18 and i?
9
Let n = 26 + -19. What is the highest common divisor of n and 21?
7
Let p be 1/(-1) - (0 - 42). Let f = p + -29. What is the greatest common divisor of 60 and f?
12
Suppose 4*w + 4 - 31 = i, 0 = -3*w - 5*i + 26. Let y(z) = -2*z**3 - 6*z**2 - z - 1. Let s be y(-4). Calculate the greatest common divisor of s and w.
7
Suppose g + 18 = 3*g. Let m = g + -9. Let a(c) = c**3 + c**2 + 11. Let l be a(m). Calculate the highest common factor of 77 and l.
11
Let b(l) = -l**3 - 10*l**2 + 5*l - 6. Let d be b(7). Let q be d/(-27) - (-4)/18. What is the highest common factor of 6 and q?
6
Let u = -8 + 28. Suppose -4*y + u = -0*y. What is the highest common divisor of y and 55?
5
Let t be 140/(-15)*(15/(-6) + 1). Let n be 4 + (-1)/(-1) - -2. What is the greatest common factor of t and n?
7
Let r be 4 + 1 + 1/1. Let j be ((-8)/(-5))/(4/10). Suppose 0 = 3*w - j - 5. What is the highest common divisor of w and r?
3
Let t be -3 - ((-45)/18)/((-2)/(-12)). What is the highest common factor of t and 60?
12
Let k be (-1 - (-2 + 2)) + 24. Suppose 3*n + t + 22 - 160 = 0, -2*n - 2*t = -92. What is the highest common factor of k and n?
23
Suppose 4*l - 6 = 18. Suppose -l*v + 60 = -v. What is the greatest common factor of v and 24?
12
Let a be ((-2)/3)/(1/3). Let n be a/(-9) - (-538)/9. Suppose -3*q + 76 = -0*q + d, -3*q + 68 = -d. Calculate the greatest common factor of n and q.
12
Suppose 21 = 2*r - 3*d, -3*d + 8*d - 90 = -5*r. Suppose 2 + 5 = t. Suppose 13 = 2*i - t. Calculate the greatest common divisor of r and i.
5
Let g(k) = 4*k**2 - 9*k - 3. Let u be g(-7). Calculate the greatest common divisor of 32 and u.
32
Suppose 54 = p + 2*p. Let d = p - -22. Let c = -6 - -26. Calculate the greatest common divisor of c and d.
20
Suppose 0 = -2*m + 3*c + 100, 4*m - 3*c + c = 216. Calculate the greatest common factor of 7 and m.
7
Suppose 5*w = 41 - 26. Calculate the highest common factor of w and 9.
3
Let u = -12 + 22. Suppose -s = s - u. What is the greatest common divisor of 35 and s?
5
Suppose 0 = -0*b - 5*b + 100. What is the greatest common divisor of 30 and b?
10
Suppose -5*i = -849 + 189. Let t be 12 + 1/2*0. What is the highest common factor of i and t?
12
Let d(p) = p**2 + 2*p + 3. Let w be d(-2). Suppose -9 = w*z + 4*o - 0*o, z + o + 2 = 0. Calculate the greatest common divisor of 5 and z.
1
Let v(u) = u + 16. Let d be v(-11). Suppose 3*l = d*l - 36. What is the greatest common factor of l and 6?
6
Suppose 124 = 5*o + 114. Let t be (0 - (-6)/(-5))*-5. Calculate the greatest common divisor of o and t.
2
Let h = -4 + 4. Let f = 3 + h. Suppose f*v - 153 = 171. Calculate the highest common factor of 12 and v.
12
Let i = 8 - 5. Let d(t) = -t**3 + 3*t**2 + 2*t + 4. Let l be d(i). What is the highest common divisor of 10 and l?
10
Suppose 5*y + 6 = 31. Calculate the highest common factor of 55 and y.
5
Let a be ((-2)/5)/((-1)/60). Calculate the highest comm